0.
-923
What is 1029 (base 11) in base 6?
10150
What is 2274 (base 8) in base 4?
102330
-169 (base 11) to base 6
-524
-2221010012 (base 3) to base 15
-12152
Convert 4a4 (base 11) to base 7.
1513
40535 (base 6) to base 12
314b
-14ee (base 16) to base 11
-4031
Convert -2210212 (base 3) to base 7.
-5654
-1321 (base 5) to base 12
-157
Convert -4432 (base 15) to base 5.
-430242
Convert 51404 (base 8) to base 15.
646c
What is -10000 (base 2) in base 9?
-17
Convert 124 (base 14) to base 10.
228
What is 50317 (base 10) in base 3?
2120000121
Convert 5581 (base 9) to base 13.
1b52
-211333 (base 4) to base 2
-100101111111
-2011120112 (base 3) to base 12
-20865
Convert -4718 (base 13) to base 12.
-5948
What is 1110001100001 (base 2) in base 8?
16141
What is -105500 (base 6) in base 4?
-2031030
What is 4280 (base 14) in base 2?
10110011011000
121200200 (base 3) to base 16
2f88
Convert 1a714 (base 12) to base 3.
1222112221
-11c (base 15) to base 4
-3330
Convert 87b (base 13) to base 14.
75c
Convert 3756 (base 13) to base 7.
31605
-349 (base 15) to base 2
-1011101000
4433 (base 8) to base 13
10a4
-103 (base 15) to base 3
-22110
1757 (base 8) to base 3
1101022
332000 (base 5) to base 13
5308
What is 211435 (base 6) in base 5?
1022411
Convert 7846 (base 9) to base 12.
3429
-1b0b (base 14) to base 9
-6656
-219 (base 12) to base 6
-1233
Convert 120120211 (base 3) to base 9.
16524
-1112111 (base 3) to base 6
-5104
Convert -31034 (base 5) to base 16.
-7e3
Convert 110011101010 (base 2) to base 14.
12c2
What is -33200 (base 4) in base 7?
-2615
What is -463 (base 10) in base 2?
-111001111
Convert -182 (base 14) to base 15.
-15a
What is cbe (base 15) in base 7?
11252
Convert -3983 (base 11) to base 10.
-5173
-11010001 (base 2) to base 3
-21202
What is 1c2 (base 14) in base 12?
266
593 (base 11) to base 12
4ab
Convert -12072 (base 9) to base 10.
-8084
Convert cb63 (base 13) to base 4.
12322100
Convert -13102132 (base 4) to base 15.
-8ca4
-621 (base 14) to base 9
-1578
What is 8715 (base 10) in base 3?
102221210
Convert -1101011101011 (base 2) to base 14.
-2723
Convert -241 (base 15) to base 4.
-13333
What is 5063 (base 8) in base 16?
a33
Convert -201b (base 13) to base 12.
-2682
What is -3888 (base 13) in base 11?
-6063
-3310 (base 11) to base 7
-15506
What is 66653 (base 7) in base 10?
16796
Convert 1122 (base 5) to base 15.
ac
Convert 1001 (base 5) to base 6.
330
1776 (base 10) to base 2
11011110000
What is -272 (base 11) in base 4?
-11001
What is -12011212 (base 3) in base 9?
-5155
What is 1424 (base 6) in base 10?
376
Convert 21030 (base 5) to base 4.
111232
What is -6839 (base 11) in base 10?
-8996
Convert 243 (base 16) to base 11.
487
Convert -5870 (base 9) to base 7.
-15462
What is -20022021 (base 3) in base 7?
-16255
37bb (base 12) to base 16
18bf
What is -15126 (base 7) in base 8?
-10131
What is 713 (base 14) in base 10?
1389
What is -1414 (base 12) in base 9?
-3157
Convert 6ac (base 13) to base 2.
10010000100
What is -2d2 (base 16) in base 5?
-10342
Convert -165 (base 12) to base 11.
-191
What is 433 (base 10) in base 11?
364
325 (base 6) to base 14
8d
101100010100 (base 2) to base 12
1784
What is -12053 (base 10) in base 15?
-3888
What is -11100 (base 2) in base 3?
-1001
Convert 9c5 (base 13) to base 4.
122102
What is -648c (base 15) in base 7?
-116022
4b82 (base 13) to base 12
6281
What is -44c (base 13) in base 8?
-1344
Convert 6639 (base 13) to base 16.
37a4
-4312 (base 8) to base 3
-10002100
What is -142320 (base 6) in base 9?
-20473
Convert 15 (base 12) to base 11.
16
What is ac0 (base 16) in base 4?
223000
What is -1539 (base 16) in base 3?
-21110020
Convert 1432334 (base 5) to base 13.
10a72
What is -26150 (base 7) in base 8?
-15440
What is -210 (base 14) in base 11?
-33a
a2 (base 11) to base 7
220
Convert 18198 (base 10) to base 4.
10130112
13030 (base 9) to base 3
110001000
Convert 995 (base 14) to base 12.
111b
Convert 201133 (base 6) to base 9.
23633
What is 19580 (base 11) in base 3?
1101110121
Convert 3174 (base 14) to base 13.
3b62
4341 (base 6) to base 2
1111100101
What is 37b1 (base 12) in base 6?
45141
Convert 8843 (base 9) to base 6.
50103
Convert -1023113 (base 4) to base 10.
-4823
485 (base 14) to base 11
74a
What is -735 (base 15) in base 14?
-841
What is -c17a (base 13) in base 15?
-7d59
Convert 3f29 (base 16) to base 13.
748a
1183 (base 13) to base 2
100110101001
Convert 2a6 (base 11) to base 2.
101100110
Convert -428 (base 10) to base 15.
-1d8
Convert -273 (base 8) to base 2.
-10111011
Convert 1ef (base 16) to base 7.
1305
Convert -2158 (base 11) to base 16.
-b1e
4bb (base 13) to base 6
3502
3005 (base 7) to base 13
617
110122 (base 4) to base 16
51a
-110202 (base 3) to base 2
-101011000
-b8 (base 16) to base 3
-20211
What is 12103 (base 4) in base 16?
193
What is 220102 (base 3) in base 13?
3b9
What is -1143 (base 5) in base 12?
-125
Convert -517 (base 13) to base 5.
-11430
538 (base 14) to base 11
857
b63 (base 15) to base 4
220020
Convert 12311 (base 4) to base 7.
1163
-3413 (base 5) to base 13
-2b2
9a0 (base 16) to base 9
3337
What is -10111100001 (base 2) in base 3?
-2001202
Convert 11331030 (base 4) to base 9.
36416
Convert 19a (base 14) to base 6.
1312
-412 (base 9) to base 12
-23b
Convert -413 (base 15) to base 14.
-498
-1012221 (base 3) to base 14
-477
What is -4520 (base 6) in base 5?
-13211
What is -42300 (base 7) in base 14?
-3b37
Convert -322213 (base 4) to base 6.
-25211
Convert -cd (base 14) to base 15.
-c1
c00 (base 16) to base 8
6000
What is 1431002 (base 5) in base 3?
1112022211
732 (base 11) to base 10
882
What is -86b (base 12) in base 14?
-643
What is -3861 (base 10) in base 12?
-2299
Convert -280 (base 12) to base 14.
-1d6
Convert -22202 (base 3) to base 10.
-236
What is -3210222 (base 4) in base 16?
-392a
Convert -e97 (base 16) to base 9.
-5110
Convert -11505 (base 8) to base 2.
-1001101000101
Convert -110020102 (base 3) to base 12.
-51b5
-2886 (base 14) to base 3
-100211201
What is -12664 (base 8) in base 7?
-22125
What is 2785 (base 9) in base 13?
c59
Convert -1549 (base 11) to base 6.
-13113
-101101110 (base 2) to base 8
-556
Convert 12222 (base 3) to base 2.
10100001
What is -1684 (base 9) in base 13?
-784
-151a (base 14) to base 16
-ea4
Convert -7037 (base 8) to base 13.
-1851
What is 2c8d (base 15) in base 13?
4492
Convert 646 (base 10) to base 12.
45a
What is 1315 (base 8) in base 11?
5a2
Convert -151c (base 14) to base 13.
-1926
Convert 102121 (base 4) to base 16.
499
-3341412 (base 5) to base 13
-20b01
Convert -124522 (base 6) to base 10.
-11426
Convert 217a (base 12) to base 6.
25034
-1120000 (base 3) to base 9
-1500
Convert -10100000 (base 2) to base 12.
-114
-10112011 (base 3) to base 8
-5011
Convert 587 (base 9) to base 12.
344
What is -209 (base 11) in base 4?
-3323
Convert -44131 (base 5) to base 12.
-1915
1766 (base 9) to base 7
3645
Convert -41b (base 14) to base 13.
-4a3
-12011102 (base 3) to base 7
-13655
What is 263356 (base 7) in base 14?
13d2d
-37b (base 13) to base 11
-504
8218 (base 9) to base 16
177b
What is -146 (base 7) in base 3?
-10002
What is 100021221 (base 3) in base 15?
201a
What is -2305 (base 6) in base 14?
-2ad
What is 226212 (base 8) in base 10?
76938
Convert -1834 (base 10) to base 3.
-2111221
-638 (base 9) to base 14
-293
321 (base 15) to base 2
1011000010
What is -20102 (base 4) in base 6?
-2242
-1000010000 (base 2) to base 13
-318
-959 (base 14) to base 4
-130303
Convert -21144 (base 5) to base 14.
-73a
Convert 13210 (base 4) to base 9.
587
What is 123023 (base 4) in base 10?
1739
What is 16446 (base 8) in base 14?
2a10
Convert -6b6 (base 16) to base 2.
-11010110110
What is -769 (base 15) in base 12?
-b76
843 (base 11) to base 6
4411
Convert -4141 (base 5) to base 11.
-457
Convert -b4e (base 16) to base 6.
-21222
Convert -3267 (base 13) to base 7.
-26310
What is 21344 (base 5) in base 7?
4204
Convert -2120042 (base 5) to base 4.
-20230333
Convert 345530 (base 6) to base 9.
44770
-3033212 (base 4) to base 10
-13286
What is -1000011101 (base 2) in base 15?
-261
Convert -37a (base 13) to base 12.
-428
-21220 (base 4) to base 6
-2504
Convert -111020 (base 4) to base 12.
-948
What is 325 (base 7) in base 6?
434
Convert -20331 (base 4) to base 10.
-573
What is -a94 (base 1